{"id":3,"date":"2024-03-25T21:07:21","date_gmt":"2024-03-25T21:07:21","guid":{"rendered":"https:\/\/techno-parking.com\/?page_id=3"},"modified":"2024-04-30T10:43:00","modified_gmt":"2024-04-30T10:43:00","slug":"politica-privacidad","status":"publish","type":"page","link":"https:\/\/techno-parking.com\/index.php\/politica-privacidad\/","title":{"rendered":"Pol\u00edtica de Privacidad"},"content":{"rendered":"\n<p>TP TechnoParking LATAM, S.A. en adelante \u201cTechno-Parking\u201d, con domicilio en la Ciudad de M\u00e9xico, es responsable de recabar sus datos personales, del uso que le d\u00e9 a los mismos y de su protecci\u00f3n.<\/p>\n\n\n\n<p>Para efectos del presente aviso de privacidad, se recaban los siguientes datos personales: Datos de identificaci\u00f3n, como: nombre, domicilio, n\u00famero de tel\u00e9fono, fijo o m\u00f3vil, fax, correo electr\u00f3nico; datos de facturaci\u00f3n, como: entidad a la que se har\u00e1 el cargo, domicilio fiscal, RFC. Los datos antes mencionados pueden recabarse de diversas formas: cuando son proporcionados directamente o bien, a trav\u00e9s de nuestra p\u00e1gina de Internet (tecno-parking.com) o bien, por medio de fuentes permitidas por la Ley.<\/p>\n\n\n\n<p>Asimismo, hacemos de su conocimiento que no recabamos Datos Personales Sensibles. Sus datos personales ser\u00e1n utilizados \u00fanicamente para los siguientes fines:<\/p>\n\n\n\n<ul>\n<li>Proveer servicios y productos derivados del servicio de estacionamiento prestado por \u201cTechno-Parking\u201d.<\/li>\n\n\n\n<li>Dar cumplimiento a las obligaciones contra\u00eddas con nuestros clientes.<\/li>\n<\/ul>\n\n\n\n<p>De manera adicional, utilizaremos su informaci\u00f3n personal para las siguientes finalidades que no son necesarias para el servicio solicitado, pero que nos permiten y facilitan brindarle una mejor atenci\u00f3n:<\/p>\n\n\n\n<ul>\n<li>Informar sobre nuevos productos, servicios o promociones que se encuentren relacionados directa o indirectamente con el contratado o adquirido por el cliente.<\/li>\n\n\n\n<li>Evaluar la calidad del servicio.<\/li>\n\n\n\n<li>Realizar estudios internos.<\/li>\n<\/ul>\n\n\n\n<p>En caso de que no desee que sus datos personales sean tratados para estos fines adicionales, usted puede presentar desde este momento un escrito manifestando lo anterior, de conformidad con el procedimiento para el ejercicio de los Derechos de Acceso, Rectificaci\u00f3n, Cancelaci\u00f3n, Oposici\u00f3n y Revocaci\u00f3n que se se\u00f1ala m\u00e1s abajo, el cual puede hacer llegar mediante correo electr\u00f3nico a la direcci\u00f3n <a href=\"mailto:contacto@techno-parking.com\">contacto@techno-parking.com<\/a><\/p>\n\n\n\n<p>La negativa para el uso de sus datos personales para estas finalidades no podr\u00e1 ser un motivo para que le neguemos los servicios y productos que solicita o contrata con nosotros. Uso de Cookies. Las Cookies son archivos de texto que son descargados autom\u00e1ticamente y almacenados en el disco duro del equipo de c\u00f3mputo del usuario al navegar en una determinada p\u00e1gina de Internet y que permiten al servidor de Internet recordar ciertos datos del usuario.<\/p>\n\n\n\n<p>Por medio del presente Aviso de Privacidad le informamos que TP TechnoParking LATAM, S.A. utiliza ciertas cookies para obtener datos sobre el lugar desde el cual se solicita la informaci\u00f3n respecto de los servicios que proporcionamos.<\/p>\n\n\n\n<p>Estas cookies pueden ser deshabilitadas por usted. Para ello, deber\u00e1 ir directamente a la secci\u00f3n de \u201cAyuda\u201d del (los) navegador(es) que est\u00e9 utilizando para acceder (Mozila Firefox\u00ae, Internet Explorer\u00ae, Netscape\u00ae, Safari\u00ae, Opera\u00ae, Google Chrome\u00ae o similares).<\/p>\n\n\n\n<p>Procedimiento para el ejercicio de los Derechos de Acceso, Rectificaci\u00f3n, Cancelaci\u00f3n, Oposici\u00f3n y Revocaci\u00f3n. Para cualquier duda respecto a sus datos personales podr\u00e1 solicitarla mediante correo electr\u00f3nico dirigido a contacto@techno-parking.com. Asimismo, le informamos que tiene derecho de acceder a sus datos personales que poseemos y al tratamiento de los mismos, as\u00ed como a rectificarlos en caso de ser inexactos o incompletos, cancelarlos cuando resulten ser excesivos o innecesarios para las finalidades que justificaron su obtenci\u00f3n, oponerse al tratamiento de los mismos para fines espec\u00edficos, o revocar su consentimiento para el tratamiento de sus datos.<\/p>\n\n\n\n<p>En estos casos, deber\u00e1 presentar solicitud por escrito v\u00eda correo electr\u00f3nico a la siguiente direcci\u00f3n: contacto@techno-parking.com. Esta solicitud deber\u00e1 estar firmada por el titular de los derechos y deber\u00e1 contener, cuando menos:<\/p>\n\n\n\n<ul>\n<li>Nombre completo y domicilio del titular de los Datos personales.<\/li>\n\n\n\n<li>Documentos que acrediten la identidad del titular de los Datos Personales.<\/li>\n\n\n\n<li>Descripci\u00f3n de los Datos personales respecto a los cuales busca ejercer los derechos de acceso, rectificaci\u00f3n, cancelaci\u00f3n, oposici\u00f3n o revocaci\u00f3n o en su caso Indicar las modificaciones o limitaciones a sus Datos Personales por parte de \u201cTechno-Parking\u201d.<\/li>\n<\/ul>\n\n\n\n<p>Le informamos que sus datos personales no ser\u00e1n transferidos a terceros para fines distintos a los necesarios para brindarle oportunamente los servicios prestados por \u201cTecno-Parking\u201d salvaguardando su protecci\u00f3n y confidencialidad, sin que para ello sea necesario obtener su autorizaci\u00f3n en t\u00e9rminos del art\u00edculo 37 de la Ley Federal de Protecci\u00f3n de Datos Personales en Posesi\u00f3n de los Particulares.<\/p>\n\n\n\n<p>Cambios en este Aviso de Privacidad.- El presente Aviso de Privacidad puede sufrir modificaciones, cambios o actualizaciones derivadas de nuevos requerimientos legales; de nuestras propias necesidades por los productos o servicios que ofrecemos; de nuestras pr\u00e1cticas de privacidad; de cambios en nuestro modelo de negocio, o por otras causas.<\/p>\n\n\n\n<p>Nos comprometemos a mantenerlo informado sobre los cambios que pueda sufrir el presente aviso de privacidad, a trav\u00e9s de nuestra p\u00e1gina web: www.techno-parking.com<\/p>\n","protected":false},"excerpt":{"rendered":"<p>TP TechnoParking LATAM, S.A. en adelante \u201cTechno-Parking\u201d, con domicilio en la Ciudad de M\u00e9xico, es responsable de recabar sus datos personales, del uso que le d\u00e9 a los mismos y de su protecci\u00f3n. Para efectos del presente aviso de privacidad, se recaban los siguientes datos personales: Datos de identificaci\u00f3n, como: nombre, domicilio, n\u00famero de tel\u00e9fono, [&hellip;]<\/p>\n","protected":false},"author":1,"featured_media":0,"parent":0,"menu_order":0,"comment_status":"closed","ping_status":"open","template":"","meta":{"content-type":"","footnotes":""},"blocksy_meta":[],"featured_image_urls":{"full":"","thumbnail":"","medium":"","medium_large":"","large":"","1536x1536":"","2048x2048":""},"post_excerpt_stackable":"<p>TP TechnoParking LATAM, S.A. en adelante \u201cTechno-Parking\u201d, con domicilio en la Ciudad de M\u00e9xico, es responsable de recabar sus datos personales, del uso que le d\u00e9 a los mismos y de su protecci\u00f3n. Para efectos del presente aviso de privacidad, se recaban los siguientes datos personales: Datos de identificaci\u00f3n, como: nombre, domicilio, n\u00famero de tel\u00e9fono, fijo o m\u00f3vil, fax, correo electr\u00f3nico; datos de facturaci\u00f3n, como: entidad a la que se har\u00e1 el cargo, domicilio fiscal, RFC. Los datos antes mencionados pueden recabarse de diversas formas: cuando son proporcionados directamente o bien, a trav\u00e9s de nuestra p\u00e1gina de Internet (tecno-parking.com) o&hellip;<\/p>\n","category_list":"","author_info":{"name":"tecno-parking.com","url":"https:\/\/techno-parking.com\/index.php\/author\/tecno-parking-com\/"},"comments_num":"0 comentarios","yoast_head":"<!-- This site is optimized with the Yoast SEO plugin v23.3 - https:\/\/yoast.com\/wordpress\/plugins\/seo\/ -->\n<title>Pol\u00edtica de Privacidad - Techno Parking<\/title>\n<meta name=\"robots\" content=\"index, follow, max-snippet:-1, max-image-preview:large, max-video-preview:-1\" \/>\n<link rel=\"canonical\" href=\"https:\/\/techno-parking.com\/index.php\/politica-privacidad\/\" \/>\n<meta property=\"og:locale\" content=\"es_ES\" \/>\n<meta property=\"og:type\" content=\"article\" \/>\n<meta property=\"og:title\" content=\"Pol\u00edtica de Privacidad - Techno Parking\" \/>\n<meta property=\"og:description\" content=\"TP TechnoParking LATAM, S.A. en adelante \u201cTechno-Parking\u201d, con domicilio en la Ciudad de M\u00e9xico, es responsable de recabar sus datos personales, del uso que le d\u00e9 a los mismos y de su protecci\u00f3n. Para efectos del presente aviso de privacidad, se recaban los siguientes datos personales: Datos de identificaci\u00f3n, como: nombre, domicilio, n\u00famero de tel\u00e9fono, [&hellip;]\" \/>\n<meta property=\"og:url\" content=\"https:\/\/techno-parking.com\/index.php\/politica-privacidad\/\" \/>\n<meta property=\"og:site_name\" content=\"Techno Parking\" \/>\n<meta property=\"article:modified_time\" content=\"2024-04-30T10:43:00+00:00\" \/>\n<meta name=\"twitter:card\" content=\"summary_large_image\" \/>\n<meta name=\"twitter:label1\" content=\"Tiempo de lectura\" \/>\n\t<meta name=\"twitter:data1\" content=\"4 minutos\" \/>\n<script type=\"application\/ld+json\" class=\"yoast-schema-graph\">{\"@context\":\"https:\/\/schema.org\",\"@graph\":[{\"@type\":\"WebPage\",\"@id\":\"https:\/\/techno-parking.com\/index.php\/politica-privacidad\/\",\"url\":\"https:\/\/techno-parking.com\/index.php\/politica-privacidad\/\",\"name\":\"Pol\u00edtica de Privacidad - Techno Parking\",\"isPartOf\":{\"@id\":\"https:\/\/techno-parking.com\/#website\"},\"datePublished\":\"2024-03-25T21:07:21+00:00\",\"dateModified\":\"2024-04-30T10:43:00+00:00\",\"breadcrumb\":{\"@id\":\"https:\/\/techno-parking.com\/index.php\/politica-privacidad\/#breadcrumb\"},\"inLanguage\":\"es\",\"potentialAction\":[{\"@type\":\"ReadAction\",\"target\":[\"https:\/\/techno-parking.com\/index.php\/politica-privacidad\/\"]}]},{\"@type\":\"BreadcrumbList\",\"@id\":\"https:\/\/techno-parking.com\/index.php\/politica-privacidad\/#breadcrumb\",\"itemListElement\":[{\"@type\":\"ListItem\",\"position\":1,\"name\":\"Portada\",\"item\":\"https:\/\/techno-parking.com\/\"},{\"@type\":\"ListItem\",\"position\":2,\"name\":\"Pol\u00edtica de Privacidad\"}]},{\"@type\":\"WebSite\",\"@id\":\"https:\/\/techno-parking.com\/#website\",\"url\":\"https:\/\/techno-parking.com\/\",\"name\":\"Techno Parking\",\"description\":\"En Techno Parking, nos especializamos en la gesti\u00f3n de estacionamientos mediante tecnolog\u00eda avanzada para optimizar la eficiencia y la rentabilidad. Ofrecemos soluciones innovadoras que mejoran la experiencia del usuario y aseguran una operaci\u00f3n segura y eficaz.\",\"publisher\":{\"@id\":\"https:\/\/techno-parking.com\/#organization\"},\"potentialAction\":[{\"@type\":\"SearchAction\",\"target\":{\"@type\":\"EntryPoint\",\"urlTemplate\":\"https:\/\/techno-parking.com\/?s={search_term_string}\"},\"query-input\":\"required name=search_term_string\"}],\"inLanguage\":\"es\"},{\"@type\":\"Organization\",\"@id\":\"https:\/\/techno-parking.com\/#organization\",\"name\":\"Techno Parking\",\"url\":\"https:\/\/techno-parking.com\/\",\"logo\":{\"@type\":\"ImageObject\",\"inLanguage\":\"es\",\"@id\":\"https:\/\/techno-parking.com\/#\/schema\/logo\/image\/\",\"url\":\"https:\/\/techno-parking.com\/wp-content\/uploads\/2024\/04\/TP-SISTEMAS-TECH.png\",\"contentUrl\":\"https:\/\/techno-parking.com\/wp-content\/uploads\/2024\/04\/TP-SISTEMAS-TECH.png\",\"width\":500,\"height\":250,\"caption\":\"Techno Parking\"},\"image\":{\"@id\":\"https:\/\/techno-parking.com\/#\/schema\/logo\/image\/\"}}]}<\/script>\n<!-- \/ Yoast SEO plugin. -->","yoast_head_json":{"title":"Pol\u00edtica de Privacidad - Techno Parking","robots":{"index":"index","follow":"follow","max-snippet":"max-snippet:-1","max-image-preview":"max-image-preview:large","max-video-preview":"max-video-preview:-1"},"canonical":"https:\/\/techno-parking.com\/index.php\/politica-privacidad\/","og_locale":"es_ES","og_type":"article","og_title":"Pol\u00edtica de Privacidad - Techno Parking","og_description":"TP TechnoParking LATAM, S.A. en adelante \u201cTechno-Parking\u201d, con domicilio en la Ciudad de M\u00e9xico, es responsable de recabar sus datos personales, del uso que le d\u00e9 a los mismos y de su protecci\u00f3n. Para efectos del presente aviso de privacidad, se recaban los siguientes datos personales: Datos de identificaci\u00f3n, como: nombre, domicilio, n\u00famero de tel\u00e9fono, [&hellip;]","og_url":"https:\/\/techno-parking.com\/index.php\/politica-privacidad\/","og_site_name":"Techno Parking","article_modified_time":"2024-04-30T10:43:00+00:00","twitter_card":"summary_large_image","twitter_misc":{"Tiempo de lectura":"4 minutos"},"schema":{"@context":"https:\/\/schema.org","@graph":[{"@type":"WebPage","@id":"https:\/\/techno-parking.com\/index.php\/politica-privacidad\/","url":"https:\/\/techno-parking.com\/index.php\/politica-privacidad\/","name":"Pol\u00edtica de Privacidad - Techno Parking","isPartOf":{"@id":"https:\/\/techno-parking.com\/#website"},"datePublished":"2024-03-25T21:07:21+00:00","dateModified":"2024-04-30T10:43:00+00:00","breadcrumb":{"@id":"https:\/\/techno-parking.com\/index.php\/politica-privacidad\/#breadcrumb"},"inLanguage":"es","potentialAction":[{"@type":"ReadAction","target":["https:\/\/techno-parking.com\/index.php\/politica-privacidad\/"]}]},{"@type":"BreadcrumbList","@id":"https:\/\/techno-parking.com\/index.php\/politica-privacidad\/#breadcrumb","itemListElement":[{"@type":"ListItem","position":1,"name":"Portada","item":"https:\/\/techno-parking.com\/"},{"@type":"ListItem","position":2,"name":"Pol\u00edtica de Privacidad"}]},{"@type":"WebSite","@id":"https:\/\/techno-parking.com\/#website","url":"https:\/\/techno-parking.com\/","name":"Techno Parking","description":"En Techno Parking, nos especializamos en la gesti\u00f3n de estacionamientos mediante tecnolog\u00eda avanzada para optimizar la eficiencia y la rentabilidad. Ofrecemos soluciones innovadoras que mejoran la experiencia del usuario y aseguran una operaci\u00f3n segura y eficaz.","publisher":{"@id":"https:\/\/techno-parking.com\/#organization"},"potentialAction":[{"@type":"SearchAction","target":{"@type":"EntryPoint","urlTemplate":"https:\/\/techno-parking.com\/?s={search_term_string}"},"query-input":"required name=search_term_string"}],"inLanguage":"es"},{"@type":"Organization","@id":"https:\/\/techno-parking.com\/#organization","name":"Techno Parking","url":"https:\/\/techno-parking.com\/","logo":{"@type":"ImageObject","inLanguage":"es","@id":"https:\/\/techno-parking.com\/#\/schema\/logo\/image\/","url":"https:\/\/techno-parking.com\/wp-content\/uploads\/2024\/04\/TP-SISTEMAS-TECH.png","contentUrl":"https:\/\/techno-parking.com\/wp-content\/uploads\/2024\/04\/TP-SISTEMAS-TECH.png","width":500,"height":250,"caption":"Techno Parking"},"image":{"@id":"https:\/\/techno-parking.com\/#\/schema\/logo\/image\/"}}]}},"_links":{"self":[{"href":"https:\/\/techno-parking.com\/index.php\/wp-json\/wp\/v2\/pages\/3"}],"collection":[{"href":"https:\/\/techno-parking.com\/index.php\/wp-json\/wp\/v2\/pages"}],"about":[{"href":"https:\/\/techno-parking.com\/index.php\/wp-json\/wp\/v2\/types\/page"}],"author":[{"embeddable":true,"href":"https:\/\/techno-parking.com\/index.php\/wp-json\/wp\/v2\/users\/1"}],"replies":[{"embeddable":true,"href":"https:\/\/techno-parking.com\/index.php\/wp-json\/wp\/v2\/comments?post=3"}],"version-history":[{"count":4,"href":"https:\/\/techno-parking.com\/index.php\/wp-json\/wp\/v2\/pages\/3\/revisions"}],"predecessor-version":[{"id":1192,"href":"https:\/\/techno-parking.com\/index.php\/wp-json\/wp\/v2\/pages\/3\/revisions\/1192"}],"wp:attachment":[{"href":"https:\/\/techno-parking.com\/index.php\/wp-json\/wp\/v2\/media?parent=3"}],"curies":[{"name":"wp","href":"https:\/\/api.w.org\/{rel}","templated":true}]}}